{"id":9536,"date":"2023-05-11T05:57:48","date_gmt":"2023-05-11T03:57:48","guid":{"rendered":"https:\/\/naturland.hu\/?page_id=9536"},"modified":"2023-05-12T16:46:21","modified_gmt":"2023-05-12T14:46:21","slug":"fenntarthatosagi_palyan_a_naturland","status":"publish","type":"page","link":"https:\/\/naturland.hu\/en\/fenntarthatosagi_palyan_a_naturland\/","title":{"rendered":"Fenntarthat\u00f3s\u00e1gi p\u00e1ly\u00e1n a NATURLAND"},"content":{"rendered":"<div id=\"pl-9536\"  class=\"panel-layout\" ><div id=\"pg-9536-0\"  class=\"panel-grid panel-no-style\" ><div id=\"pgc-9536-0-0\"  class=\"panel-grid-cell\" ><div id=\"panel-9536-0-0-0\" class=\"so-panel widget widget_sow-editor panel-first-child\" data-index=\"0\" ><div\n\t\t\t\n\t\t\tclass=\"so-widget-sow-editor so-widget-sow-editor-base\"\n\t\t\t\n\t\t>\n<div class=\"siteorigin-widget-tinymce textwidget\">\n\t<p class=\"p1\"><b>\u00dajabb naper\u0151m\u0171vel b\u0151v\u00edti a c\u00e9g z\u00f6ld energia termel\u0151 kapacit\u00e1sait budapesti telephely\u00e9n.<\/b><\/p>\n<p class=\"p2\">Egy tov\u00e1bbi 50kWp-es rendszer telep\u00edt\u00e9s\u00e9vel n\u00f6velte napelemes termel\u0151 kapacit\u00e1sait a NATURLAND, ezzel egy \u00fajabb jelent\u0151s l\u00e9p\u00e9st t\u00e9ve a c\u00e9g \u00fczemei \u00e1ltal felhaszn\u00e1lt villamos energia meg\u00fajul\u00f3 r\u00e9szar\u00e1ny\u00e1nak n\u00f6vel\u00e9se \u00e9s term\u00e9kei karbon l\u00e1bnyom\u00e1nak cs\u00f6kkent\u00e9se ir\u00e1ny\u00e1ba.<\/p>\n<p class=\"p2\">Ezzel a NATURLAND k\u00e9t telephely\u00e9n \u00f6sszesen 100kWp cs\u00facsteljes\u00edtm\u00e9ny\u0171 naper\u0151m\u0171 \u00e1llt szolg\u00e1latba \u00e9s \u00e9ves egy\u00fcttes termel\u00e9s\u00fck meg fogja haladni a 100.000kWh-t, mely teljes eg\u00e9sz\u00e9ben a c\u00e9g \u00fczemeinek \u00e9s logisztikai rendszereinek m\u0171k\u00f6dtet\u00e9s\u00e9re, lok\u00e1lisan ker\u00fcl felhaszn\u00e1l\u00e1sra.<\/p>\n<p class=\"p2\">Az \u00faj naper\u0151m\u0171 a c\u00e9g v\u00e1rakoz\u00e1sai szerint \u00e9vente tov\u00e1bbi 20 tonn\u00e1val cs\u00f6kkenti a gy\u00f3gyszergy\u00e1r sz\u00e9n-dioxid kibocs\u00e1t\u00e1s\u00e1t.<\/p>\n<\/div>\n<\/div><\/div><div id=\"panel-9536-0-0-1\" class=\"so-panel widget widget_sow-image panel-last-child\" data-index=\"1\" ><div\n\t\t\t\n\t\t\tclass=\"so-widget-sow-image so-widget-sow-image-default-dbf295114b96-9536\"\n\t\t\t\n\t\t>\n<div class=\"sow-image-container\">\n\t\t<img \n\tsrc=\"https:\/\/naturland.hu\/wp-content\/uploads\/2023\/05\/Picture-1.jpg\" width=\"1390\" height=\"898\" srcset=\"https:\/\/naturland.hu\/wp-content\/uploads\/2023\/05\/Picture-1.jpg 1390w, https:\/\/naturland.hu\/wp-content\/uploads\/2023\/05\/Picture-1-660x426.jpg 660w, https:\/\/naturland.hu\/wp-content\/uploads\/2023\/05\/Picture-1-1024x662.jpg 1024w, https:\/\/naturland.hu\/wp-content\/uploads\/2023\/05\/Picture-1-440x284.jpg 440w, https:\/\/naturland.hu\/wp-content\/uploads\/2023\/05\/Picture-1-768x496.jpg 768w, https:\/\/naturland.hu\/wp-content\/uploads\/2023\/05\/Picture-1-600x388.jpg 600w\" sizes=\"(max-width: 1390px) 100vw, 1390px\" alt=\"\" \t\tclass=\"so-widget-image\"\/>\n\t<\/div>\n\n<\/div><\/div><\/div><\/div><\/div>","protected":false},"excerpt":{"rendered":"<p>\u00dajabb naper\u0151m\u0171vel b\u0151v\u00edti a c\u00e9g z\u00f6ld energia termel\u0151 kapacit\u00e1sait budapesti telephely\u00e9n. Egy tov\u00e1bbi 50kWp-es rendszer telep\u00edt\u00e9s\u00e9vel&#8230;<\/p>\n","protected":false},"author":140,"featured_media":9539,"parent":0,"menu_order":0,"comment_status":"closed","ping_status":"closed","template":"","meta":{"inline_featured_image":false,"footnotes":""},"class_list":["post-9536","page","type-page","status-publish","has-post-thumbnail","hentry"],"_links":{"self":[{"href":"https:\/\/naturland.hu\/en\/wp-json\/wp\/v2\/pages\/9536","targetHints":{"allow":["GET"]}}],"collection":[{"href":"https:\/\/naturland.hu\/en\/wp-json\/wp\/v2\/pages"}],"about":[{"href":"https:\/\/naturland.hu\/en\/wp-json\/wp\/v2\/types\/page"}],"author":[{"embeddable":true,"href":"https:\/\/naturland.hu\/en\/wp-json\/wp\/v2\/users\/140"}],"replies":[{"embeddable":true,"href":"https:\/\/naturland.hu\/en\/wp-json\/wp\/v2\/comments?post=9536"}],"version-history":[{"count":0,"href":"https:\/\/naturland.hu\/en\/wp-json\/wp\/v2\/pages\/9536\/revisions"}],"wp:featuredmedia":[{"embeddable":true,"href":"https:\/\/naturland.hu\/en\/wp-json\/wp\/v2\/media\/9539"}],"wp:attachment":[{"href":"https:\/\/naturland.hu\/en\/wp-json\/wp\/v2\/media?parent=9536"}],"curies":[{"name":"wp","href":"https:\/\/api.w.org\/{rel}","templated":true}]}}

Fenntarthatósági pályán a NATURLAND

<div id="pl-9536"  class="panel-layout" ><div id="pg-9536-0"  class="panel-grid panel-no-style" ><div id="pgc-9536-0-0"  class="panel-grid-cell" ><div id="panel-9536-0-0-0" class="so-panel widget widget_sow-editor panel-first-child" data-index="0" ><div
			
			class="so-widget-sow-editor so-widget-sow-editor-base"
			
		>
<div class="siteorigin-widget-tinymce textwidget">
	<p class="p1"><b>Újabb naperőművel bővíti a cég zöld energia termelő kapacitásait budapesti telephelyén.</b></p>
<p class="p2">Egy további 50kWp-es rendszer telepítésével növelte napelemes termelő kapacitásait a NATURLAND, ezzel egy újabb jelentős lépést téve a cég üzemei által felhasznált villamos energia megújuló részarányának növelése és termékei karbon lábnyomának csökkentése irányába.</p>
<p class="p2">Ezzel a NATURLAND két telephelyén összesen 100kWp csúcsteljesítményű naperőmű állt szolgálatba és éves együttes termelésük meg fogja haladni a 100.000kWh-t, mely teljes egészében a cég üzemeinek és logisztikai rendszereinek működtetésére, lokálisan kerül felhasználásra.</p>
<p class="p2">Az új naperőmű a cég várakozásai szerint évente további 20 tonnával csökkenti a gyógyszergyár szén-dioxid kibocsátását.</p>
</div>
</div></div><div id="panel-9536-0-0-1" class="so-panel widget widget_sow-image panel-last-child" data-index="1" ><div
			
			class="so-widget-sow-image so-widget-sow-image-default-dbf295114b96-9536"
			
		>
<div class="sow-image-container">
		<img 
	src="https://naturland.hu/wp-content/uploads/2023/05/Picture-1.jpg" width="1390" height="898" srcset="https://naturland.hu/wp-content/uploads/2023/05/Picture-1.jpg 1390w, https://naturland.hu/wp-content/uploads/2023/05/Picture-1-660x426.jpg 660w, https://naturland.hu/wp-content/uploads/2023/05/Picture-1-1024x662.jpg 1024w, https://naturland.hu/wp-content/uploads/2023/05/Picture-1-440x284.jpg 440w, https://naturland.hu/wp-content/uploads/2023/05/Picture-1-768x496.jpg 768w, https://naturland.hu/wp-content/uploads/2023/05/Picture-1-600x388.jpg 600w" sizes="(max-width: 1390px) 100vw, 1390px" alt="" 		class="so-widget-image"/>
	</div>

</div></div></div></div></div>

<p>Újabb naperőművel bővíti a cég zöld energia termelő kapacitásait budapesti telephelyén. Egy további 50kWp-es rendszer telepítésével&#8230;</p>
