{"id":9476,"date":"2023-04-27T08:26:55","date_gmt":"2023-04-27T06:26:55","guid":{"rendered":"https:\/\/naturland.hu\/?page_id=9476"},"modified":"2023-04-28T15:03:46","modified_gmt":"2023-04-28T13:03:46","slug":"magyarbrands","status":"publish","type":"page","link":"https:\/\/naturland.hu\/en\/magyarbrands\/","title":{"rendered":"12. Alkalommal Magyar Brands d\u00edjas a Naturland"},"content":{"rendered":"<div id=\"pl-9476\"  class=\"panel-layout\" ><div id=\"pg-9476-0\"  class=\"panel-grid panel-no-style\" ><div id=\"pgc-9476-0-0\"  class=\"panel-grid-cell\" ><div id=\"panel-9476-0-0-0\" class=\"so-panel widget widget_sow-image panel-first-child\" data-index=\"0\" ><div\n\t\t\t\n\t\t\tclass=\"so-widget-sow-image so-widget-sow-image-default-dbf295114b96-9476\"\n\t\t\t\n\t\t>\n<div class=\"sow-image-container\">\n\t\t<img \n\tsrc=\"https:\/\/naturland.hu\/wp-content\/uploads\/2023\/04\/Magyar-Brands-ga\u0301la-monta\u0301zs-2023.04.19.png\" width=\"2570\" height=\"1366\" srcset=\"https:\/\/naturland.hu\/wp-content\/uploads\/2023\/04\/Magyar-Brands-ga\u0301la-monta\u0301zs-2023.04.19.png 2570w, https:\/\/naturland.hu\/wp-content\/uploads\/2023\/04\/Magyar-Brands-ga\u0301la-monta\u0301zs-2023.04.19-660x351.png 660w, https:\/\/naturland.hu\/wp-content\/uploads\/2023\/04\/Magyar-Brands-ga\u0301la-monta\u0301zs-2023.04.19-1024x544.png 1024w, https:\/\/naturland.hu\/wp-content\/uploads\/2023\/04\/Magyar-Brands-ga\u0301la-monta\u0301zs-2023.04.19-440x234.png 440w, https:\/\/naturland.hu\/wp-content\/uploads\/2023\/04\/Magyar-Brands-ga\u0301la-monta\u0301zs-2023.04.19-768x408.png 768w, https:\/\/naturland.hu\/wp-content\/uploads\/2023\/04\/Magyar-Brands-ga\u0301la-monta\u0301zs-2023.04.19-1536x816.png 1536w, https:\/\/naturland.hu\/wp-content\/uploads\/2023\/04\/Magyar-Brands-ga\u0301la-monta\u0301zs-2023.04.19-2048x1089.png 2048w, https:\/\/naturland.hu\/wp-content\/uploads\/2023\/04\/Magyar-Brands-ga\u0301la-monta\u0301zs-2023.04.19-600x319.png 600w\" sizes=\"(max-width: 2570px) 100vw, 2570px\" title=\"Magyar Brands ga\u0301la monta\u0301zs 2023.04.19\" alt=\"\" \t\tclass=\"so-widget-image\"\/>\n\t<\/div>\n\n<\/div><\/div><div id=\"panel-9476-0-0-1\" class=\"so-panel widget widget_sow-editor panel-last-child\" data-index=\"1\" ><div\n\t\t\t\n\t\t\tclass=\"so-widget-sow-editor so-widget-sow-editor-base\"\n\t\t\t\n\t\t><h3 class=\"widget-title\">A NATURLAND Magyarorsz\u00e1g Kft.12. alkalommal nyerte el a Magyar Brands d\u00edjat<\/h3>\n<div class=\"siteorigin-widget-tinymce textwidget\">\n\t<p>Budapest, 2023. \u00e1prilis 19. - A NATURLAND Magyarorsz\u00e1g Kft. imm\u00e1ron 12. alkalommal nyerte el a<br \/>\nMagyar Brands d\u00edjat Innovat\u00edv m\u00e1rka \u00e9s Kiv\u00e1l\u00f3 fogyaszt\u00f3i m\u00e1rka kateg\u00f3ri\u00e1kban.<\/p>\n<p>A Magyar Brands d\u00edjat azoknak a magyar vonatkoz\u00e1s\u00fa m\u00e1rk\u00e1knak \u00edt\u00e9lik oda, amelyek kiemelkednek a<br \/>\npiacon, \u00e9s az \u00fcgyfelek sz\u00e1m\u00e1ra kiemelked\u0151 min\u0151s\u00e9get \u00e9s \u00e9rt\u00e9ket k\u00edn\u00e1lnak. A NATURLAND sz\u00e1m\u00e1ra a<br \/>\nd\u00edj elnyer\u00e9se nagy megtiszteltet\u00e9s \u00e9s h\u00e1l\u00e1sak vagyunk a Magyar Brands szakmai zs\u0171rij\u00e9nek, hogy<br \/>\nelismert\u00e9k munk\u00e1nkat \u00e9s hozz\u00e1j\u00e1rultak a NATURLAND m\u00e1rk\u00e1nak a fogyaszt\u00f3k szem\u00e9ben val\u00f3<br \/>\ner\u0151s\u00edt\u00e9s\u00e9hez.<\/p>\n<p><em>\"Az elm\u00falt \u00e9vekben a NATURLAND Magyarorsz\u00e1g Kft. elk\u00f6telezett volt a magas min\u0151s\u00e9g\u0171 term\u00e9kek<\/em><br \/>\n<em>k\u00edn\u00e1lata mellett \u00e9s ennek k\u00f6sz\u00f6nhet\u0151en fogyaszt\u00f3ink bizalm\u00e1t is megnyerhett\u00fck sz\u00e1mos<\/em><br \/>\n<em>term\u00e9kkateg\u00f3ri\u00e1ban. Az Innovat\u00edv m\u00e1rka \u00e9s Kiv\u00e1l\u00f3 fogyaszt\u00f3i m\u00e1rka d\u00edjak ezt a munk\u00e1t \u00e9s a<\/em><br \/>\n<em>NATURLAND munkat\u00e1rsaink elsz\u00e1nts\u00e1g\u00e1t ismerik el. C\u00e9lunk, hogy a j\u00f6v\u0151ben tov\u00e1bbra is magas<\/em><br \/>\n<em>min\u0151s\u00e9gi sz\u00ednvonal mellett, kedvez\u0151 \u00e1r-\u00e9rt\u00e9k ar\u00e1ny\u00fa term\u00e9keket k\u00edn\u00e1ljunk hazai \u00e9s nemzetk\u00f6zi<\/em><br \/>\n<em>fogyaszt\u00f3inknak.\"<\/em> \u2013 nyilatkozta a d\u00edj\u00e1tad\u00f3 g\u00e1l\u00e1t k\u00f6vet\u0151en Kr\u00fcmmer Bence, a Naturland Magyarorsz\u00e1g<br \/>\nKft. \u00fczletfejleszt\u00e9s\u00e9rt felel\u0151s c\u00e9gvezet\u0151je.<\/p>\n<p>A NATURLAND Magyarorsz\u00e1g Kft. tov\u00e1bbra is elk\u00f6telezett a min\u0151s\u00e9gi term\u00e9kek k\u00edn\u00e1lata mellett, \u00e9s a<br \/>\nj\u00f6v\u0151ben is folytatni k\u00edv\u00e1nja az innov\u00e1ci\u00f3ra, a fenntarthat\u00f3s\u00e1gra \u00e9s fogyaszt\u00f3inak el\u00e9gedetts\u00e9g\u00e9re<br \/>\nalapul\u00f3 n\u00f6veked\u00e9s\u00e9t.<\/p>\n<p>K\u00f6sz\u00f6nj\u00fck a Magyar Brands-nek a szakmai elismer\u00e9st \u00e9s fogyaszt\u00f3inknak a bizalmat!<\/p>\n<\/div>\n<\/div><\/div><\/div><\/div><\/div>","protected":false},"excerpt":{"rendered":"<p>Budapest, 2023. \u00e1prilis 19. &#8211; A NATURLAND Magyarorsz\u00e1g Kft. imm\u00e1ron 12. alkalommal nyerte el a Magyar&#8230;<\/p>\n","protected":false},"author":140,"featured_media":9483,"parent":0,"menu_order":0,"comment_status":"closed","ping_status":"closed","template":"","meta":{"inline_featured_image":false,"footnotes":""},"class_list":["post-9476","page","type-page","status-publish","has-post-thumbnail","hentry"],"_links":{"self":[{"href":"https:\/\/naturland.hu\/en\/wp-json\/wp\/v2\/pages\/9476","targetHints":{"allow":["GET"]}}],"collection":[{"href":"https:\/\/naturland.hu\/en\/wp-json\/wp\/v2\/pages"}],"about":[{"href":"https:\/\/naturland.hu\/en\/wp-json\/wp\/v2\/types\/page"}],"author":[{"embeddable":true,"href":"https:\/\/naturland.hu\/en\/wp-json\/wp\/v2\/users\/140"}],"replies":[{"embeddable":true,"href":"https:\/\/naturland.hu\/en\/wp-json\/wp\/v2\/comments?post=9476"}],"version-history":[{"count":0,"href":"https:\/\/naturland.hu\/en\/wp-json\/wp\/v2\/pages\/9476\/revisions"}],"wp:featuredmedia":[{"embeddable":true,"href":"https:\/\/naturland.hu\/en\/wp-json\/wp\/v2\/media\/9483"}],"wp:attachment":[{"href":"https:\/\/naturland.hu\/en\/wp-json\/wp\/v2\/media?parent=9476"}],"curies":[{"name":"wp","href":"https:\/\/api.w.org\/{rel}","templated":true}]}}

12. Alkalommal Magyar Brands díjas a Naturland

<div id="pl-9476"  class="panel-layout" ><div id="pg-9476-0"  class="panel-grid panel-no-style" ><div id="pgc-9476-0-0"  class="panel-grid-cell" ><div id="panel-9476-0-0-0" class="so-panel widget widget_sow-image panel-first-child" data-index="0" ><div
			
			class="so-widget-sow-image so-widget-sow-image-default-dbf295114b96-9476"
			
		>
<div class="sow-image-container">
		<img 
	src="https://naturland.hu/wp-content/uploads/2023/04/Magyar-Brands-gála-montázs-2023.04.19.png" width="2570" height="1366" srcset="https://naturland.hu/wp-content/uploads/2023/04/Magyar-Brands-gála-montázs-2023.04.19.png 2570w, https://naturland.hu/wp-content/uploads/2023/04/Magyar-Brands-gála-montázs-2023.04.19-660x351.png 660w, https://naturland.hu/wp-content/uploads/2023/04/Magyar-Brands-gála-montázs-2023.04.19-1024x544.png 1024w, https://naturland.hu/wp-content/uploads/2023/04/Magyar-Brands-gála-montázs-2023.04.19-440x234.png 440w, https://naturland.hu/wp-content/uploads/2023/04/Magyar-Brands-gála-montázs-2023.04.19-768x408.png 768w, https://naturland.hu/wp-content/uploads/2023/04/Magyar-Brands-gála-montázs-2023.04.19-1536x816.png 1536w, https://naturland.hu/wp-content/uploads/2023/04/Magyar-Brands-gála-montázs-2023.04.19-2048x1089.png 2048w, https://naturland.hu/wp-content/uploads/2023/04/Magyar-Brands-gála-montázs-2023.04.19-600x319.png 600w" sizes="(max-width: 2570px) 100vw, 2570px" title="Magyar Brands gála montázs 2023.04.19" alt="" 		class="so-widget-image"/>
	</div>

</div></div><div id="panel-9476-0-0-1" class="so-panel widget widget_sow-editor panel-last-child" data-index="1" ><div
			
			class="so-widget-sow-editor so-widget-sow-editor-base"
			
		><h3 class="widget-title">A NATURLAND Magyarország Kft.12. alkalommal nyerte el a Magyar Brands díjat</h3>
<div class="siteorigin-widget-tinymce textwidget">
	<p>Budapest, 2023. április 19. - A NATURLAND Magyarország Kft. immáron 12. alkalommal nyerte el a<br />
Magyar Brands díjat Innovatív márka és Kiváló fogyasztói márka kategóriákban.</p>
<p>A Magyar Brands díjat azoknak a magyar vonatkozású márkáknak ítélik oda, amelyek kiemelkednek a<br />
piacon, és az ügyfelek számára kiemelkedő minőséget és értéket kínálnak. A NATURLAND számára a<br />
díj elnyerése nagy megtiszteltetés és hálásak vagyunk a Magyar Brands szakmai zsűrijének, hogy<br />
elismerték munkánkat és hozzájárultak a NATURLAND márkának a fogyasztók szemében való<br />
erősítéséhez.</p>
<p><em>"Az elmúlt években a NATURLAND Magyarország Kft. elkötelezett volt a magas minőségű termékek</em><br />
<em>kínálata mellett és ennek köszönhetően fogyasztóink bizalmát is megnyerhettük számos</em><br />
<em>termékkategóriában. Az Innovatív márka és Kiváló fogyasztói márka díjak ezt a munkát és a</em><br />
<em>NATURLAND munkatársaink elszántságát ismerik el. Célunk, hogy a jövőben továbbra is magas</em><br />
<em>minőségi színvonal mellett, kedvező ár-érték arányú termékeket kínáljunk hazai és nemzetközi</em><br />
<em>fogyasztóinknak."</em> – nyilatkozta a díjátadó gálát követően Krümmer Bence, a Naturland Magyarország<br />
Kft. üzletfejlesztésért felelős cégvezetője.</p>
<p>A NATURLAND Magyarország Kft. továbbra is elkötelezett a minőségi termékek kínálata mellett, és a<br />
jövőben is folytatni kívánja az innovációra, a fenntarthatóságra és fogyasztóinak elégedettségére<br />
alapuló növekedését.</p>
<p>Köszönjük a Magyar Brands-nek a szakmai elismerést és fogyasztóinknak a bizalmat!</p>
</div>
</div></div></div></div></div>

<p>Budapest, 2023. április 19. &#8211; A NATURLAND Magyarország Kft. immáron 12. alkalommal nyerte el a Magyar&#8230;</p>
