{"id":1324,"date":"2021-10-27T16:33:25","date_gmt":"2021-10-27T14:33:25","guid":{"rendered":"http:\/\/nldo.diff.hu\/?page_id=1324"},"modified":"2021-10-27T16:33:25","modified_gmt":"2021-10-27T14:33:25","slug":"cegadatok","status":"publish","type":"page","link":"https:\/\/naturland.hu\/en\/cegadatok\/","title":{"rendered":"C\u00e9gadatok"},"content":{"rendered":"<div id=\"pl-1324\"  class=\"panel-layout\" ><div id=\"pg-1324-0\"  class=\"panel-grid panel-no-style\" ><div id=\"pgc-1324-0-0\"  class=\"panel-grid-cell\" ><div id=\"panel-1324-0-0-0\" class=\"so-panel widget widget_sow-editor panel-first-child panel-last-child\" data-index=\"0\" ><div\n\t\t\t\n\t\t\tclass=\"so-widget-sow-editor so-widget-sow-editor-base\"\n\t\t\t\n\t\t>\n<div class=\"siteorigin-widget-tinymce textwidget\">\n\t<p><strong>A c\u00e9g elnevez\u00e9se:\u00a0<\/strong><br \/>\nNATURLAND Magyarorsz\u00e1g Termel\u0151 \u00e9s Kereskedelmi Korl\u00e1tolt Felel\u0151ss\u00e9g\u0171 T\u00e1rsas\u00e1g<\/p>\n<p><strong>A c\u00e9g r\u00f6vid\u00edtett elnevez\u00e9se:\u00a0<\/strong><br \/>\nNATURLAND Magyarorsz\u00e1g Kft.<\/p>\n<p><strong>Sz\u00e9khely:\u00a0<\/strong><br \/>\n1106 Budapest, Csillagvir\u00e1g u. 8.<\/p>\n<p><strong>Levelez\u00e9si c\u00edm:\u00a0<\/strong><br \/>\n1656 R\u00e1koskereszt\u00far 1., Pf. 73.<\/p>\n<p><strong>C\u00e9gjegyz\u00e9ksz\u00e1m:\u00a0<\/strong><br \/>\n01 09 690514<\/p>\n<p><strong>Ad\u00f3sz\u00e1m:\u00a0<\/strong><br \/>\n11615017-2-42<\/p>\n<p><strong>Banksz\u00e1mlasz\u00e1m:\u00a0<\/strong><br \/>\n18400010-03414003-80100019<\/p>\n<p><strong>Statisztikai sz\u00e1mjel:\u00a0<\/strong><br \/>\n11615017-2120-113-01.<\/p>\n<p><strong>Alakul\u00e1s d\u00e1tuma:\u00a0<\/strong><br \/>\n1998.06.10.<\/p>\n<p><strong>F\u0151tev\u00e9kenys\u00e9g:<\/strong><br \/>\n2120'08 Gy\u00f3gyszerk\u00e9sz\u00edtm\u00e9ny gy\u00e1rt\u00e1sa<\/p>\n<p><strong>E-mail c\u00edm:<\/strong><br \/>\ntitkarsag@naturland.hu<br \/>\ntel: +36 1 431 2000<br \/>\nfax: +36 1 431 2052<\/p>\n<\/div>\n<\/div><\/div><\/div><\/div><\/div>","protected":false},"excerpt":{"rendered":"<p>A c\u00e9g elnevez\u00e9se:\u00a0 NATURLAND Magyarorsz\u00e1g Termel\u0151 \u00e9s Kereskedelmi Korl\u00e1tolt Felel\u0151ss\u00e9g\u0171 T\u00e1rsas\u00e1g A c\u00e9g r\u00f6vid\u00edtett elnevez\u00e9se:\u00a0 NATURLAND&#8230;<\/p>\n","protected":false},"author":140,"featured_media":0,"parent":0,"menu_order":0,"comment_status":"closed","ping_status":"closed","template":"","meta":{"inline_featured_image":false,"footnotes":""},"class_list":["post-1324","page","type-page","status-publish","hentry"],"_links":{"self":[{"href":"https:\/\/naturland.hu\/en\/wp-json\/wp\/v2\/pages\/1324","targetHints":{"allow":["GET"]}}],"collection":[{"href":"https:\/\/naturland.hu\/en\/wp-json\/wp\/v2\/pages"}],"about":[{"href":"https:\/\/naturland.hu\/en\/wp-json\/wp\/v2\/types\/page"}],"author":[{"embeddable":true,"href":"https:\/\/naturland.hu\/en\/wp-json\/wp\/v2\/users\/140"}],"replies":[{"embeddable":true,"href":"https:\/\/naturland.hu\/en\/wp-json\/wp\/v2\/comments?post=1324"}],"version-history":[{"count":0,"href":"https:\/\/naturland.hu\/en\/wp-json\/wp\/v2\/pages\/1324\/revisions"}],"wp:attachment":[{"href":"https:\/\/naturland.hu\/en\/wp-json\/wp\/v2\/media?parent=1324"}],"curies":[{"name":"wp","href":"https:\/\/api.w.org\/{rel}","templated":true}]}}

Cégadatok

<div id="pl-1324"  class="panel-layout" ><div id="pg-1324-0"  class="panel-grid panel-no-style" ><div id="pgc-1324-0-0"  class="panel-grid-cell" ><div id="panel-1324-0-0-0" class="so-panel widget widget_sow-editor panel-first-child panel-last-child" data-index="0" ><div
			
			class="so-widget-sow-editor so-widget-sow-editor-base"
			
		>
<div class="siteorigin-widget-tinymce textwidget">
	<p><strong>A cég elnevezése: </strong><br />
NATURLAND Magyarország Termelő és Kereskedelmi Korlátolt Felelősségű Társaság</p>
<p><strong>A cég rövidített elnevezése: </strong><br />
NATURLAND Magyarország Kft.</p>
<p><strong>Székhely: </strong><br />
1106 Budapest, Csillagvirág u. 8.</p>
<p><strong>Levelezési cím: </strong><br />
1656 Rákoskeresztúr 1., Pf. 73.</p>
<p><strong>Cégjegyzékszám: </strong><br />
01 09 690514</p>
<p><strong>Adószám: </strong><br />
11615017-2-42</p>
<p><strong>Bankszámlaszám: </strong><br />
18400010-03414003-80100019</p>
<p><strong>Statisztikai számjel: </strong><br />
11615017-2120-113-01.</p>
<p><strong>Alakulás dátuma: </strong><br />
1998.06.10.</p>
<p><strong>Főtevékenység:</strong><br />
2120'08 Gyógyszerkészítmény gyártása</p>
<p><strong>E-mail cím:</strong><br />
titkarsag@naturland.hu<br />
tel: +36 1 431 2000<br />
fax: +36 1 431 2052</p>
</div>
</div></div></div></div></div>

<p>A cég elnevezése:  NATURLAND Magyarország Termelő és Kereskedelmi Korlátolt Felelősségű Társaság A cég rövidített elnevezése:  NATURLAND&#8230;</p>
